se 4*n - 1 = 11. Let c = 2 - 0. Suppose 0 = -g + 2*t + 3, 0 = -g - 2*t + 5 - c. Calculate the highest common factor of n and g.
3
Suppose -v - 1 = 0, j + v - 1 = -v. Suppose 0 = 2*u - 5*a - 23, j*a - 63 = -3*u + a. Calculate the greatest common factor of 95 and u.
19
Suppose 4*v + v + 100 = 0. Let s be (16/v)/(4/(-30)). What is the highest common divisor of s and 66?
6
Suppose 3*w = 7*w - 8. Calculate the greatest common divisor of 26 and w.
2
Suppose 14 = o - 2. Calculate the greatest common factor of 4 and o.
4
Let f(i) = -3*i - 13. Let b be f(-8). Calculate the greatest common factor of 11 and b.
11
Suppose -k = -5, 3*k = u + 5*k - 49. What is the highest common factor of 273 and u?
39
Let q be 1 + (-13)/(1 + -2). Let d(z) = z**3 + 3*z**2 - 6*z - 1. Let i be d(-4). Calculate the greatest common divisor of i and q.
7
Suppose 2*a = -2*t + 8, -a - 3*a - 20 = 0. Calculate the highest common factor of 81 and t.
9
Let j(u) = 2*u**2 + 9*u - 10. Let v be j(-7). Let g = 43 - v. Suppose -5 - 16 = -3*a - p, p = 3. What is the highest common factor of g and a?
6
Suppose 4*u - 128 = y - 3*y, 4*y + 3*u = 266. Let b = y + -172. Let l be (-2)/(-1) + (2 - b). Calculate the highest common factor of l and 12.
12
Let d be (-18)/((4 + 16/(-3))/2). What is the highest common factor of d and 6?
3
Let n = 354 + -211. Suppose 0*f + f - n = 0. Let v be (-2)/(-2 - 72/(-39)). What is the greatest common divisor of f and v?
13
Let a = 17 - 13. Let o be (-3)/(6/(-5))*22. Let q = -31 + o. Calculate the greatest common divisor of q and a.
4
Let b = 122 - 31. What is the greatest common divisor of b and 39?
13
Suppose 3*v + 2*v = 4*k - 165, 141 = 3*k + 2*v. What is the highest common factor of 15 and k?
15
Suppose 3*g - 1288 = 2*a - 390, -1470 = -5*g - 2*a. Suppose -g = -2*r + 3*z, 6*r - 3*r + 3*z - 474 = 0. What is the greatest common factor of r and 14?
14
Let y = 19 + -8. What is the highest common factor of y and 99?
11
Let s(z) = 2 + 13*z - 15*z - 1. Let u be s(-6). What is the highest common divisor of u and 143?
13
Let o = -11 - -76. Calculate the highest common factor of 13 and o.
13
Let p(z) = z**3 - 7*z**2 + 4*z + 11. Let u be p(5). Let o = u + 26. Calculate the greatest common factor of o and 7.
7
Let j(n) = -50*n - 42. Let z be j(-1). Suppose -5*p + 4*q - 3 = 0, -2*p = 2*p + 2*q - 8. Calculate the highest common factor of p and z.
1
Let d be (-774)/(-15) - (-4)/10. Suppose -4*r + d = -88. What is the greatest common factor of 14 and r?
7
Let w(t) = 3*t - 4. Let o be w(3). What is the greatest common factor of 20 and o?
5
Let j be ((-26)/1)/(2*-1). Let v = -99 + 190. Calculate the highest common divisor of j and v.
13
Let h(l) = -3*l - 5. Let d be h(-4). Suppose -j + d = -i - 4*i, 0 = -j + 2. Let s be i/((-1 - -2)/(-11)). Calculate the greatest common factor of 22 and s.
11
Let u = 0 + 5. Let c = u - -1. Suppose 0 = -2*q + c + 2. Calculate the highest common factor of 20 and q.
4
Let y = 4 - 1. Let p be y*(-8)/(-2 - 2). What is the greatest common factor of p and 3?
3
Suppose -w + l = -47, -2*l = 4*w + l - 174. Calculate the highest common factor of 10 and w.
5
Let d(u) be the second derivative of -1/20*u**5 - 1/2*u**3 + 0 + u**2 - 2*u + 7/12*u**4. Let f be d(6). Calculate the highest common divisor of f and 80.
20
Let m(p) = -1 + 2*p**3 - p**2 + 3*p**2 + 0. Let n be m(1). Let z(u) = -u**2 + 25*u + 41. Let j be z(26). What is the greatest common divisor of j and n?
3
Let b = -72 + 136. What is the highest common divisor of b and 48?
16
Suppose -35 = -2*q - 5. Suppose -v - v + 12 = 0. Calculate the greatest common divisor of q and v.
3
Let o(q) = -q**2 - 6*q - 2. Let v be o(-5). Suppose -b + 0*d + 10 = 4*d, 2*b = d + 2. Calculate the greatest common divisor of b and v.
1
Suppose 3*t + 0*w - 32 = 5*w, 0 = -4*t - w + 12. Let r = 71 - 39. What is the highest common factor of t and r?
4
Let b(f) = -f**2 + 5*f + 12. Let i be b(5). What is the greatest common divisor of 24 and i?
12
Let f = 133 - 74. Let d = -38 + f. Calculate the highest common factor of 14 and d.
7
Let q = 7 - 2. Let b = 10 - q. Suppose g + 10 = 4*n, 2*n = -b*g + 1 + 15. Calculate the greatest common divisor of 6 and g.
2
Let k(c) = c**2 - 21*c + 2. Let g be k(21). Let j(f) = -17*f - 1. Let l be j(-1). What is the highest common divisor of g and l?
2
Let p = -19 + 33. Let m = -3 + 5. Suppose 0 = 5*n - m*n - 63. Calculate the greatest common divisor of p and n.
7
Suppose -4*o - v + 13 = 0, 5*v = 5*o + 5 + 10. Let y be (-1)/1 - (1 - 3). Calculate the highest common factor of y and o.
1
Let a be (99/(-12))/(15/(-40)). Calculate the highest common factor of a and 11.
11
Suppose 4*p = -4, -2*p - 2 + 6 = f. Calculate the greatest common factor of 6 and f.
6
Let c(o) = -7*o - 11. Let g be c(-3). Calculate the highest common factor of 55 and g.
5
Let g = -13 + 25. Suppose 2*l - 2*h = 36, -3*l = -5*l - 6*h + 36. Calculate the highest common divisor of g and l.
6
Let v be (2 - 3)/(3/(-324)). Calculate the highest common factor of 36 and v.
36
Suppose -m = c - 62, -3*m - 26 = -4*c + 229. Suppose 0 = 5*q - 178 + c. What is the greatest common divisor of 138 and q?
23
Suppose 0 = -3*w + 6, 0 = l + 4*l - 5*w - 100. Let q = 40 + 15. Calculate the greatest common divisor of l and q.
11
Suppose 6*x - x - 50 = 0. Let c(u) = -3*u + 1 + 0*u + 0 + 0. Let b be c(-3). What is the greatest common divisor of x and b?
10
Suppose -6 = 3*k + 3*c, -2*c - 3*c - 28 = -k. What is the highest common factor of 33 and k?
3
Suppose -3*h + 173 + 73 = 0. Calculate the highest common factor of 41 and h.
41
Suppose -4*j = -7 - 5. What is the highest common factor of j and 6?
3
Let k = -201 - -231. Let d(q) = 3*q**2 - 2. Let b be d(2). What is the highest common factor of b and k?
10
Let x(d) = d**3 + 4*d**2 + 2*d - 4. Let u be x(3). Let p(k) = 2*k**3 + k**2 - 1. Let m be p(2). Let n = -6 + m. What is the greatest common divisor of n and u?
13
Let v(r) = -5*r**2 - 6*r**2 + 10*r - r**2 - r**3 + 8 + 3*r**2. Let w be v(-10). What is the highest common divisor of 64 and w?
8
Let b = -84 - -127. Suppose -a = 5*g - b, -4*a - 20 = -6*g + 2*g. What is the highest common factor of 32 and g?
8
Let q = 61 + -36. Calculate the highest common factor of 5 and q.
5
Let q = 224 - 162. What is the highest common divisor of 31 and q?
31
Let g = -78 - -108. Let o(b) = b**2 + 5*b - 4. Let s be o(3). Calculate the highest common factor of s and g.
10
Let v = -32 + 55. Let l = -86 + v. Let t = -36 - l. Calculate the highest common factor of t and 18.
9
Let p be 4 + (-3)/(6/(-8)) + 37. Suppose 0 = 4*g + 12 + 20. Let i = g + 17. Calculate the greatest common factor of p and i.
9
Suppose 6*n = 3*n + 36. What is the greatest common factor of n and 144?
12
Let a be (-372)/(-16) + 1/(-4). Suppose -3*u = 4*z - 14, 2*u = 5*u - 5*z - a. Let k = -7 + 25. What is the greatest common divisor of u and k?
6
Suppose -4*y - 3*v + 95 = 0, -3*y + 4*v + 64 = -v. Calculate the greatest common factor of y and 23.
23
Suppose -2*t + 7*t = 30. Let b = -4 + 6. What is the greatest common factor of t and b?
2
Suppose 0 = -3*g + 2*g + 19. Suppose -2*p = 5*o + 29, 0 = o + 3*o + 5*p + 30. Let d be 173 + (-1 - o)/(-2). Calculate the greatest common factor of g and d.
19
Suppose 0 = -v + 1 + 2. Suppose v*w + 173 = 725. Suppose 2*t = t + 5, 18 = d - t. Calculate the greatest common divisor of d and w.
23
Let z be 1436/10 + 2/5. Suppose 4*k - 3*p = 52, 9*k - 4*k - 68 = 3*p. Suppose 5*x = 4*x + k. Calculate the highest common factor of x and z.
16
Let u = -2 + 3. Let k be 1 + 2 + 1 + u. Let y = 0 - -1. What is the highest common divisor of y and k?
1
Suppose -4*s = -127 - 89. Suppose -2*i + 5*p - 11 = -34, -i + 39 = 3*p. Let v = s - i. Calculate the highest common factor of v and 6.
6
Let i = -1 + 4. Let u = 8 + i. Calculate the highest common divisor of 33 and u.
11
Let d be ((-2)/(-4))/(3/300). Let x = -6 + 26. What is the highest common factor of x and d?
10
Let u = -235 - -378. What is the highest common divisor of 13 and u?
13
Let k = -12 + 17. Suppose -k*d - r + 260 = 0, 3*d + d + r - 209 = 0. Let l be 18 - ((-3)/1 - -4). What is the highest common divisor of d and l?
17
Let z(r) = r**3 + 2*r**2 + r + 4. Let o be z(3). What is the highest common factor of o and 78?
26
Suppose 2*h = -5